r of 9179 and 137?
137
What is the greatest common factor of 363 and 3?
3
Calculate the greatest common factor of 224 and 64.
32
What is the greatest common factor of 68 and 4097?
17
Calculate the highest common divisor of 874 and 76.
38
Calculate the highest common factor of 13534 and 1414.
202
What is the greatest common divisor of 58 and 290?
58
Calculate the greatest common divisor of 114 and 12.
6
What is the highest common divisor of 21 and 2415?
21
What is the greatest common factor of 103316 and 92?
92
What is the greatest common factor of 38 and 114?
38
What is the greatest common factor of 105 and 30?
15
What is the highest common divisor of 60 and 3060?
60
Calculate the highest common divisor of 48 and 216.
24
Calculate the greatest common factor of 632 and 1501.
79
What is the greatest common factor of 56 and 1000?
8
Calculate the highest common divisor of 7920 and 2508.
132
Calculate the greatest common factor of 21 and 35.
7
What is the highest common divisor of 1904 and 448?
112
Calculate the highest common factor of 68 and 38284.
68
Calculate the highest common divisor of 64 and 612.
4
Calculate the greatest common factor of 1470 and 315.
105
Calculate the highest common factor of 774 and 72.
18
Calculate the greatest common divisor of 81 and 135.
27
What is the highest common factor of 4286 and 2?
2
Calculate the greatest common divisor of 18 and 8622.
18
What is the highest common factor of 2360 and 260?
20
What is the highest common divisor of 9873 and 18?
9
What is the greatest common divisor of 793 and 26?
13
Calculate the highest common factor of 216 and 8.
8
Calculate the greatest common divisor of 897 and 621.
69
Calculate the highest common factor of 7 and 686.
7
What is the highest common factor of 2933 and 9218?
419
What is the greatest common factor of 6149 and 1573?
143
Calculate the greatest common divisor of 206 and 1339.
103
Calculate the greatest common divisor of 23160 and 120.
120
Calculate the highest common factor of 112 and 21.
7
Calculate the greatest common factor of 936 and 18.
18
What is the greatest common factor of 14 and 749?
7
Calculate the highest common factor of 66 and 15807.
33
What is the highest common factor of 793 and 689?
13
What is the greatest common factor of 2 and 21?
1
What is the greatest common factor of 165 and 1110?
15
What is the greatest common factor of 20 and 4690?
10
Calculate the greatest common divisor of 85 and 25.
5
Calculate the highest common divisor of 1221 and 66.
33
What is the highest common factor of 918 and 108?
54
Calculate the greatest common divisor of 627 and 33.
33
Calculate the highest common divisor of 19 and 4332.
19
What is the greatest common factor of 6440 and 368?
184
What is the greatest common divisor of 189 and 581?
7
What is the highest common factor of 60 and 6276?
12
Calculate the greatest common factor of 1706 and 2.
2
Calculate the highest common factor of 115 and 53590.
115
Calculate the greatest common divisor of 15 and 9755.
5
What is the greatest common factor of 342 and 72?
18
What is the highest common divisor of 559 and 130?
13
Calculate the highest common divisor of 64 and 1072.
16
What is the greatest common divisor of 30 and 390?
30
Calculate the highest common factor of 208 and 96.
16
Calculate the highest common factor of 348 and 300.
12
Calculate the greatest common factor of 60 and 120.
60
What is the greatest common factor of 86 and 215?
43
Calculate the greatest common factor of 485 and 873.
97
Calculate the highest common factor of 225 and 150.
75
What is the greatest common divisor of 30 and 960?
30
What is the greatest common factor of 15 and 2085?
15
Calculate the highest common factor of 37 and 1850.
37
What is the greatest common divisor of 7139 and 484?
121
What is the highest common factor of 50 and 175?
25
Calculate the highest common divisor of 9 and 105.
3
Calculate the greatest common divisor of 1557 and 9.
9
Calculate the highest common divisor of 29 and 319.
29
Calculate the highest common divisor of 67832 and 122.
122
What is the greatest common divisor of 140 and 224?
28
What is the greatest common factor of 11552 and 96?
32
What is the highest common factor of 65 and 52?
13
What is the highest common divisor of 24 and 1248?
24
What is the greatest common factor of 22 and 990?
22
What is the highest common factor of 325 and 75?
25
Calculate the highest common divisor of 126 and 4032.
126
Calculate the highest common divisor of 916 and 4.
4
What is the highest common divisor of 754 and 812?
58
Calculate the highest common factor of 902 and 22.
22
What is the greatest common divisor of 4212 and 24?
12
Calculate the highest common factor of 2100 and 588.
84
Calculate the greatest common factor of 609 and 174.
87
Calculate the greatest common divisor of 1 and 271.
1
Calculate the highest common divisor of 3857 and 203.
203
What is the highest common divisor of 925 and 37?
37
What is the highest common divisor of 120 and 80?
40
Calculate the highest common factor of 54 and 10926.
18
What is the greatest common divisor of 301 and 172?
43
Calculate the highest common factor of 56 and 364.
28
Calculate the highest common factor of 23 and 1357.
23
Calculate the highest common divisor of 185 and 10.
5
Calculate the highest common divisor of 492 and 48.
12
Calculate the greatest common factor of 108 and 180.
36
What is the highest common divisor of 40 and 288?
8
What is the highest common factor of 5634 and 54?
18
Calculate the greatest common factor of 410 and 2132.
82
What is the highest common divisor of 45 and 45?
45
What is the greatest common divisor of 18 and 45?
9
Calculate the highest common divisor of 572 and 88.
44
Calculate the highest common factor of 540 and 3555.
45
What is the greatest common factor of 16956 and 108?
108
What is the greatest common factor of 75 and 30?
15
What is the highest common divisor of 39 and 91?
13
What is the highest common factor of 1295 and 28?
7
What is the highest common divisor of 154 and 1904?
14
What is the highest common factor of 2685 and 120?
15
What is the highest common factor of 276 and 52?
4
What is the greatest common divisor of 3090 and 360?
30
Calculate the highest common factor of 36 and 708.
12
Calculate the highest common factor of 26 and 845.
13
What is the highest common factor of 210 and 600?
30
What is the highest common factor of 8 and 1048?
8
Calculate the highest common divisor of 34 and 51.
17
Calculate the highest common factor of 946 and 220.
22
Calculate the highest common divisor of 4 and 20.
4
Calculate the greatest common divisor of 1768 and 136.
136
What is the greatest common factor of 51 and 612?
51
Calculate the highest common divisor of 165 and 75.
15
Calculate the greatest common factor of 5 and 145.
5
Calculate the highest common factor of 341 and 124.
31
What is the greatest common factor of 36 and 3411?
9
What is the greatest common factor of 140 and 196?
28
What is the highest common factor of 340 and 104?
4
What is the highest common divisor of 12544 and 196?
196
What is the greatest common divisor of 440 and 704?
88
What is the highest common divisor of 18 and 42?
6
What is the highest common factor of 1562 and 1?
1
What is the highest common factor of 64 and 48?
16
What is the highest common factor of 12 and 300?
12
What is the highest common factor of 368 and 32?
16
What is the greatest common divisor of 5 and 15?
5
Calculate the greatest common factor of 54 and 6318.
54
What is the highest common divisor of 621 and 27?
27
Calculate the highest common factor of 2 and 263.
1
What is the greatest common factor of 51 and 105?
3
Calculate the greatest common divisor of 1372 and 28.
28
What is the highest common divisor of 1676 and 4?
4
What is the highest common divisor of 587 and 1?
1
Calculate the greatest common divisor of 117 and 3133.
13
Calculate the highest common factor of 42 and 77.
7
Calculate the highest common divisor of 793 and 9.
1
Calculate the greatest common factor of 162 and 270.
54
What is the greatest common divisor of 130 and 845?
65
Calculate the highest common divisor of 288 and 1188.
36
What is the greatest common factor of 228 and 19?
19
What is the highest common factor of 1120 and 210?
70
What is the highest